of g?
False
Let q(y) = y + 39. Let u be q(-17). Let p = u - -17. Does 9 divide p?
False
Suppose 4*h - 372 = b, 4*h - 242 - 138 = -b. Is h a multiple of 23?
False
Let w(y) = -y**2 + 5*y + 4. Let r be w(5). Suppose r*k - 6*k + 54 = 0. Is 14 a factor of k?
False
Suppose 5*n = 11 + 159. Is n a multiple of 13?
False
Let p be (20/25)/((-2)/(-5)). Suppose -3*j = -2*z - 28, -5*z + 3*z - 20 = -p*j. Is j a multiple of 4?
True
Let c = 390 + -210. Is 22 a factor of c?
False
Let b(p) = -6*p - 22. Is b(-9) a multiple of 5?
False
Suppose 5*a + 28 = -4*n + 3, -a = 3*n + 5. Is (-60)/(-3) + 0 + n a multiple of 10?
True
Let u(m) = -m**3 - 3*m**2 + 4*m + 4. Let a be u(-4). Suppose -a*d - 2*w + 32 = 0, d + 6 = w + 2*w. Is (-8)/d*(-5 - 1) a multiple of 5?
False
Let r(b) = b**2 + 2*b + 10. Does 10 divide r(8)?
True
Let l = 7 + -15. Let c be ((-28)/(-10))/(1/5). Let f = l + c. Is 6 a factor of f?
True
Suppose 5 + 5 = 5*c. Is (c/6)/(5/765) a multiple of 19?
False
Is 9 a factor of (-44*2 + -4)*1/(-2)?
False
Is 29/2*(7 + 7 - -4) a multiple of 14?
False
Let w(q) = -q + 3*q - 10 - 8*q + 0*q. Is 10 a factor of w(-5)?
True
Let z be 1*(2*-3 + -1). Let w(m) be the second derivative of -m**5/20 - 7*m**4/12 - m**3/3 - 5*m**2/2 - 2*m. Is 9 a factor of w(z)?
True
Suppose -12 = -4*r + 2*x + 4, -3*r + 12 = x. Suppose 0 = -3*t + r*t. Suppose t = w - 5, -w = -4*q + 15 + 24. Is 4 a factor of q?
False
Let w = -140 + 265. Suppose -2*n + 4*x - w = -7*n, -3*x + 14 = n. Does 13 divide n?
False
Is 275/15 - 6/(-9) a multiple of 19?
True
Let q(m) = -16*m - 6. Let j be q(-4). Let s = j + -31. Does 13 divide s?
False
Let z(x) = 2*x**2 + 6*x + 10. Is z(-7) a multiple of 22?
True
Suppose -41 + 8 = -3*o. Suppose -m = -q + 1 + 7, 2*q = -3*m + o. Is q a multiple of 7?
True
Let i be (-8)/(-12)*18/(-4). Let g = i - -10. Does 7 divide g?
True
Let w be 0 + 4/2*-2. Let k be (-126)/(-4) + (-6)/w. Let p = k + -16. Is 7 a factor of p?
False
Let b(x) = -x - 18. Let g be b(0). Is 10/(-8)*(2 + g) a multiple of 10?
True
Let u(v) = v - 2. Let p be u(4). Let c(q) = 3*q + 2*q**3 + 8*q**p - 7*q**2 + 7*q**2 - 7 - q**3. Does 13 divide c(-7)?
False
Suppose -3*j - 188 = -4*b, 23 = b + j - 31. Is 7 a factor of b?
False
Let f(s) = -3*s - 1. Let l be f(-1). Suppose 0 = l*a + 5*n - 19, 0*a = 3*a + 3*n - 15. Suppose a*c - 8 = 82. Is 18 a factor of c?
False
Suppose 2*x + 89 + 26 = 3*h, -3*x = -2*h + 70. Does 5 divide h?
False
Suppose 3*j = 7*j - 228. Is j a multiple of 18?
False
Let i = -27 - -131. Is 13 a factor of i?
True
Let s = 10 + -8. Suppose s = -2*j + 10. Does 4 divide j?
True
Suppose -h = p - 7, 31 = 5*h - 0*h + 4*p. Suppose -5*t - h*m = 131, -4*t + 3*m - 40 - 81 = 0. Let w = t - -46. Does 18 divide w?
True
Suppose 3*j - 8 = j + f, 5*j - 34 = -f. Suppose 2*p - j*p + 384 = 0. Does 20 divide p?
False
Let p = 24 - 10. Does 14 divide (-285)/(-7) - (-4)/p?
False
Let v(r) = -3*r + 1. Let p be v(3). Is 2 a factor of (-5)/20 + (-34)/p?
True
Is 37 a factor of (-2 - -1)*2 - -72?
False
Let b(s) = -s - 3. Let w be b(-5). Suppose -g = -w*g + 8. Is g a multiple of 4?
True
Is (72/16)/(3/16) a multiple of 9?
False
Let u(v) = -18*v + 1. Let c(b) = -b**2 - 10*b - 7. Let f be c(-10). Let p be u(f). Let i = p + -84. Is 14 a factor of i?
False
Is 4/1 + 28 - 3 a multiple of 6?
False
Suppose -3*l + 0*l = 54. Suppose -5*y = -0*y + 150. Is 3 a factor of 12/l*y/4?
False
Let u(i) = i + 5. Let y be u(-5). Let a(b) = b**3 - b**2 + b + 59. Is 12 a factor of a(y)?
False
Suppose 0 = -0*f - 4*f. Suppose -2*d - 7 = -3*u + 74, 2*d = f. Is 9 a factor of u?
True
Suppose 4*z - 119 = -4*u + 9*z, 10 = 2*z. Is 14 a factor of u?
False
Suppose 0 = 3*f - 8 + 2. Suppose 40 = -5*m + 5*j - 60, 5*j = -f*m - 54. Is 11 a factor of -1 + ((-9)/3 - m)?
False
Let m = -9 - -17. Suppose 6*h - 2*h = 16. Does 12 divide 234/m + 3/h?
False
Let s = 12 - -41. Does 8 divide s?
False
Let c(d) = -5*d**2 - d**3 + 2*d**2 - d + 2*d**2. Let x be c(0). Suppose x = -3*r + 5 + 4. Is r a multiple of 3?
True
Suppose 888 = 5*u - 5*r + 133, -5*u + 770 = -2*r. Does 32 divide u?
False
Suppose -5*k - 5*y = -50 - 25, -3*k + 3*y = -15. Suppose -k = -6*g + g. Suppose g*x = -3*f + 86, 5*f - 88 = -2*x + 2. Is x a multiple of 20?
True
Let i(w) = -10*w - 6. Let h be i(2). Let r = 58 + h. Does 11 divide r?
False
Suppose -2*c = -y - 3*c + 93, 0 = 2*c + 6. Suppose g - y = -2*j, -4*j - 2*g = 2*g - 192. Suppose -n - 4*k = -j, 3*k + 97 = -0*n + 4*n. Does 14 divide n?
True
Let i(f) = f**3 + 8*f**2 + 7*f - 5. Is i(-4) a multiple of 12?
False
Let f = 1 - 13. Let y = f - -44. Is y a multiple of 13?
False
Let d = -111 + 441. Is d a multiple of 22?
True
Let v = 79 - -614. Suppose 2*d + l = 401, -262 = 2*d - 5*l - v. Suppose 0 = 4*o - 5 - d. Does 14 divide o?
False
Let s(t) = -t**3 - t**2 + 42. Let k be s(0). Suppose -3*a - k = -5*a. Does 7 divide a?
True
Suppose 5 = -3*m + 6*m - 4*d, 0 = -4*m + 3*d + 9. Does 10 divide (130/(-5))/((-2)/m)?
False
Does 9 divide 2/5 + (-2233)/(-55)?
False
Let g(m) = m**2 + 4*m - 3. Let t be (-15)/10*(-28)/2. Let s be (-3)/6 - t/(-6). Does 9 divide g(s)?
True
Let x(v) = v**2 - 6*v + 7. Let m be x(5). Suppose m*n = 6 + 2. Suppose -h = -j - 19, n*j = -3*h - j + 25. Is h a multiple of 15?
True
Suppose -4*z + 4 = -4. Suppose -5*p = -0*v + z*v - 30, 5*v = -5*p + 45. Does 4 divide p?
True
Let n(k) = 3*k**2 - 2*k + 1. Let j = -8 + 10. Is 9 a factor of n(j)?
True
Suppose -3*v = 2*v. Let g = v - -4. Suppose -5*r = -5*y + 155, g*y - 5*r - 87 = y. Does 13 divide y?
False
Suppose 0*l = -2*i - l + 144, 2*i + 3*l = 144. Does 12 divide i?
True
Suppose -2*n = -3*n + 15. Does 11 divide n?
False
Let s(r) = 5 - 4 - 2*r**3 + r**2 + 3*r**3 + r + 0. Is 20 a factor of s(3)?
True
Let p = -130 - -316. Does 33 divide p?
False
Let n(f) be the second derivative of f**7/840 + f**6/60 + f**5/20 - f**3/6 + f. Let a(o) be the second derivative of n(o). Is 5 a factor of a(-4)?
False
Suppose 0*m + 9 = m. Is m a multiple of 3?
True
Let o be ((-1)/((-2)/20))/2. Suppose 216 = o*g - 4*p, -6*g + 2*g + 164 = -p. Let u = g + -22. Is u a multiple of 13?
False
Is 11 a factor of -5 + 3 + 40/1?
False
Let b = -41 - -52. Does 11 divide b?
True
Suppose -5*p = -4*p, 2*p - 291 = -3*s. Does 27 divide s?
False
Suppose -165 + 45 = -6*r. Does 4 divide r?
True
Let b(u) = -u**3 - 5*u**2 - 4*u + 4. Let d be b(-4). Suppose -d*p = p - 180. Is 18 a factor of p?
True
Suppose 0*b - 1238 = -3*b + 2*u, -3*b + 1263 = 3*u. Is 52 a factor of b?
True
Suppose -3*v + 557 = i + 176, -v = i - 127. Does 21 divide v?
False
Let g be 2/8 - (-19)/4. Suppose 3*b + 3 + 51 = 3*x, 0 = -g*x - 4*b + 108. Does 5 divide x?
True
Suppose 5 = -3*s + 41. Is s a multiple of 4?
True
Suppose c - 3*i - 178 = 0, 4*c - 3*i - 672 = i. Is 10 a factor of c?
False
Suppose 1 = 3*y - 2, 2*y = 4*k - 42. Let z = k + -13. Is 8 a factor of (-4)/(-6)*(-57)/z?
False
Let l(t) = 2*t + 2. Let m be l(-6). Is 5 a factor of 4/m + (-117)/(-5)?
False
Let a = 16 + -34. Is 2 a factor of (12/9)/((-4)/a)?
True
Let l be 2/(-13) + 304/(-52). Let d = l + 22. Is 16 a factor of d?
True
Let k be (-6 - -3)/((-2)/(-22)). Let c(i) = -i**3 - i**2 + i + 1. Let p be c(-2). Is (k/p - 1)*-1 a multiple of 12?
True
Let s = -2 + 1. Suppose 0 = -j - 3*j - 140. Is ((-392)/j)/(s/(-5)) a multiple of 20?
False
Let f(w) = w**2 + 3*w. Is 5 a factor of f(3)?
False
Suppose s + 123 = 5*b - 0*s, 2*b - 3*s - 44 = 0. Does 17 divide b?
False
Suppose -156 = 2*i - 6*i. Does 27 divide i?
False
Suppose u - 11 = -4*i + 2, i + 2*u + 2 = 0. Is 14 a factor of ((-8)/(-10))/(i/120)?
False
Suppose -u + 6 - 3 = 0. Suppose -5*z = k - 209, -z + k = -u - 40. Suppose z = n + n. Is 10 a factor of n?
False
Suppose 11 = 2*u + 1, -z - 3*u = -37. Is 10 a factor of z?
False
Let q = -30 - -52. Does 11 divide q?
True
Let n = -23 - -27. Suppose 0 = -3*y + x + 293, 3*x - 309 = y - n*y. Does 33 divide y?
True
Let o(m) = 4*m**2 + 11*m. Is o(4) a multiple of 18?
True
Let k be 606/8 - 2/(-8). Suppose -5*t = 446 - k. Let a = t + 105. Does 13 divide a?
False
Let v be 0/(-4) - 1 - -1. Suppose 33 = -5*y + 5*r + 88, 3*r - 15 = v. Is 11 a factor of y?
False
Let f(a) = 8*a + 1. Let g be f(-1). Let l(k) = 5*k**3 - 41*k**2 - 21*k + 1. Let v(r) = -r**3 + 10*r**2 + 5*r. Let n(i) = 2*l(i) + 9*v(i). Does 15 divide n(g)?
True
Let q(g) be the second derivative of g**4/1